t w(f) = -3*f - 15. What is w(-10)?
15
Let q(v) = -v**2 - 29*v - 189. What is q(-19)?
1
Let u(d) = 2*d**2 + 33*d + 37. Determine u(-15).
-8
Let m(d) = -7*d**3 - 3*d**2 - d + 1. Determine m(1).
-10
Let b(z) = z**3 + 5*z**2 + 7*z + 7. What is b(-4)?
-5
Let g(o) = 4*o - 4. Calculate g(-9).
-40
Let z(m) = -m**3 - m**2 + m + 29. Calculate z(0).
29
Let c(t) = -2*t**2 - t + 3. Calculate c(2).
-7
Let u(q) = 132*q - 784. Calculate u(6).
8
Let c(h) = h**2 - 4*h + 8. Determine c(6).
20
Let n(t) = -2*t - 4. Calculate n(0).
-4
Let g(a) = a**3 + 11*a**2 - 6*a + 66. Determine g(-12).
-6
Let x(j) = 26*j - 5. Calculate x(3).
73
Let r(p) = p**3 + 6*p**2 - 4*p + 2. What is r(-7)?
-19
Let b(p) = -p**3 - 9*p**2 - 8*p + 1. Calculate b(-8).
1
Let b(v) = -6*v + 30. Determine b(5).
0
Let q(z) = -6*z + 30. Determine q(-2).
42
Let u(a) = 3*a**2 - 11*a + 2. Calculate u(4).
6
Let f(d) = -d**3 - 4*d**2 + 7*d + 2. Calculate f(-5).
-8
Let c(m) = m**3 + 5*m**2 + 3*m - 9. Calculate c(-4).
-5
Let i(q) = 2*q**2 + 21*q - 12. What is i(-12)?
24
Let y(f) = -f**3 + f**2 - 1. Calculate y(0).
-1
Let u(c) = -c**3 - 3*c**2 + 3*c - 6. Give u(-5).
29
Let y(m) = -6*m + 13. What is y(3)?
-5
Let a(h) = h**2 + 3*h - 1. Calculate a(-4).
3
Let l(y) = -3*y**2 - 2*y - 1. Give l(2).
-17
Let o(r) = -2*r**2 + 2. What is o(-3)?
-16
Let s(y) = -3*y**2 + 3*y + 1. What is s(2)?
-5
Let g(z) = -z**2 + 23*z - 32. What is g(22)?
-10
Let f(u) = -u**3 + 25*u**2 + 23*u + 43. Calculate f(26).
-35
Let m(q) = -3*q**2 - 5*q + 2. What is m(3)?
-40
Let a(z) = z**3 - 7*z**2 - 5*z - 13. What is a(8)?
11
Let r(j) = j**3 - 12*j**2 + 12*j - 13. Determine r(11).
-2
Let k(p) = -p**2 + 24*p - 28. Calculate k(23).
-5
Let z(g) = -g**3 - 7*g**2 - 7*g - 2. Determine z(-6).
4
Let v(f) = f**2 - 28*f + 45. What is v(24)?
-51
Let m(v) = v**3 - 14*v**2 + 14*v + 1. Calculate m(13).
14
Let d(z) = 2*z + 24. Calculate d(-8).
8
Let n(w) = 3*w + 6. What is n(-5)?
-9
Let g(f) = 3*f**2 + 39*f + 81. Calculate g(-10).
-9
Let d(b) = b**3 - 16*b**2 + 9. Calculate d(16).
9
Let c(u) = -u**2 + 6*u + 7. Determine c(-3).
-20
Let a(g) = 63*g**2 + 317*g + 4. Give a(-5).
-6
Let l(r) = 4*r + 13. Determine l(-7).
-15
Let a(j) = j**2 + 4*j - 16. Calculate a(-7).
5
Let z(i) = 3*i**3 + i + 1. Calculate z(-2).
-25
Let f(t) = 7*t**3 + 2*t**2 - t - 3. Determine f(-1).
-7
Let j(s) = -9*s**3 + 5*s - 4. Give j(1).
-8
Let y(j) = -j**2 + 7*j - 5. Determine y(2).
5
Let y(w) = 2*w**2 + 4*w - 4. What is y(-5)?
26
Let g(k) = k**2 + 14*k - 165. Give g(-21).
-18
Let q(w) = -w**3 + 12*w**2 + 13*w. Determine q(13).
0
Let q(t) = -t**3 + 17*t**2 - 19*t + 43. Calculate q(16).
-5
Let i(u) = 4*u - 13. What is i(14)?
43
Let w(m) = -m**3 + 6*m**2 + 7*m + 20. Calculate w(7).
20
Let o(g) = -12*g**2 + 17*g - 2. What is o(2)?
-16
Let a(d) = d**3 - 6*d**2 - 2*d. Give a(7).
35
Let u(r) = -9*r - 223. Calculate u(-26).
11
Let y(c) = -c**3 - 8*c**2 - 8*c - 8. Determine y(-7).
-1
Let h(c) = -c**3 - 2*c**2 - 3*c + 4. Give h(4).
-104
Let a(u) = u**3 - 19*u**2 - u + 13. Calculate a(19).
-6
Let n(t) = 2*t**3 - 5*t**2 + 8*t - 7. Calculate n(2).
5
Let i(q) = 2*q - 15. Determine i(6).
-3
Let y(f) = -f**2 - 7*f + 13. Calculate y(-9).
-5
Let h(t) = -6*t - 106. Calculate h(-22).
26
Let k(d) = -d**3 - 24*d**2 + 47*d - 120. Give k(-26).
10
Let v(n) = n**3 - 33*n**2 + 60*n + 67. Determine v(31).
5
Let v(g) = g**2 + 7*g - 8. Determine v(-8).
0
Let q(i) = -i**3 + 16*i**2 - i + 13. Determine q(16).
-3
Let j(y) = -5*y - 15. What is j(-11)?
40
Let g(n) = -n**2 - 13*n - 30. Determine g(-13).
-30
Let w(r) = -r**3 + 12*r**2 - 13*r + 23. Give w(11).
1
Let r(c) = c**3 - 3*c**2 - 5*c - 1. Give r(4).
-5
Let m(t) = -6*t**2 + 3*t. Give m(3).
-45
Let m(z) = -z**3 - 12*z**2 - 13*z - 12. What is m(-11)?
10
Let f(n) = -n**3 - 13*n**2 + 7*n + 10. Give f(-13).
-81
Let j(w) = -w**3 + 6*w**2 + w - 13. Give j(6).
-7
Let b(n) = -4*n**3 + 10*n**2 + 7*n - 1. Calculate b(3).
2
Let o(c) = -2*c + 2. Calculate o(-9).
20
Let i(o) = -110*o**2 + o. Calculate i(1).
-109
Let q(l) = l**2 - 9*l + 12. Calculate q(5).
-8
Let v(c) = -c**3 - 21*c**2 + 49*c + 8. Give v(-23).
-61
Let y(o) = -o**2 + 7*o + 21. Determine y(9).
3
Let g(l) = 19*l**2 - 2*l + 4. Determine g(2).
76
Let l(k) = -4*k - 30. Determine l(-9).
6
Let l(o) = o**3 - 11*o**2 + 24*o - 55. What is l(9)?
-1
Let l(g) = 9*g - 95. Determine l(12).
13
Let h(w) = -w**2 + 9*w + 5. Calculate h(8).
13
Let q(t) = t - 6. Determine q(3).
-3
Let q(d) = -d**3 + 2*d**2 - 3*d - 45. Calculate q(0).
-45
Let j(f) = f**2 + 10*f + 2. Determine j(-9).
-7
Let g(s) = -s**3 - 13*s**2 - 14*s - 28. What is g(-12)?
-4
Let u(i) = -2*i + 19. Determine u(12).
-5
Let u(q) = q**2 + 2*q - 34. What is u(-10)?
46
Let m(i) = 4*i**2 - 34*i - 20. Determine m(9).
-2
Let s(c) = -c**2 - 19*c - 29. Determine s(-16).
19
Let x(n) = 2*n - 24. Determine x(14).
4
Let q(c) = c**2 - 8*c. Calculate q(6).
-12
Let v(f) = -f**3 + 10*f**2 - f - 6. Give v(10).
-16
Let q(c) = -c + 11. Give q(17).
-6
Let n(h) = h**3 - 7*h**2 + 8. Determine n(7).
8
Let k(b) = 2*b**2 + 3*b - 8. What is k(-4)?
12
Let l(h) = 3*h + 54. Calculate l(-10).
24
Let f(u) = u**3 - 4*u**2 - 5*u + 6. Calculate f(5).
6
Let s(i) = -i**3 + 8*i**2 + 5*i - 2. Determine s(8).
38
Let o(g) = 2*g**2 - 10*g + 11. Determine o(4).
3
Let y(l) = 4*l**2 + 4*l + 2. Calculate y(-2).
10
Let j(h) = h**2 - 23*h - 29. What is j(24)?
-5
Let f(t) = t**3 + 6*t**2 - 4*t + 17. Give f(-7).
-4
Let h(m) = -m - 2. Determine h(-8).
6
Let a(z) = -z**3 + 17*z**2 + 37*z + 21. What is a(19)?
2
Let z(m) = -m**2 - 9*m - 7. Give z(-7).
7
Let y(w) = w**3 - 13*w**2 + 12*w - 1. Determine y(12).
-1
Let i(a) = -a**3 - 5*a**2 + 5*a - 1. What is i(-6)?
5
Let r(f) = f**2 + 41*f. What is r(-41)?
0
Let k(q) = q - 10. Give k(6).
-4
Let x(b) = b**2 + 9*b - 9. What is x(-10)?
1
Let q(f) = f - 7. Determine q(3).
-4
Let s(u) = -u + 5. Determine s(8).
-3
Let i(d) = 2*d - 18. Give i(12).
6
Let v(y) = 2*y - 46. Determine v(23).
0
Let i(b) = b**3 - 4*b**2 + 4*b - 1. Calculate i(1).
0
Let v(o) = -o**3 + 5. Determine v(0).
5
Let g(k) = k**3 - 14*k**2 + 16*k + 3. Determine g(12).
-93
Let z(a) = a**2 + 5*a + 7. What is z(-2)?
1
Let k(o) = 6*o**2 - 2*o + 5. Determine k(1).
9
Let w(t) = t**3 + 5*t**2 + 4*t + 1. Determine w(-4).
1
Let j(y) = -y**3 - 34*y**2 - 35*y - 87. What is j(-33)?
-21
Let n(t) = 2*t**3 - 7*t**2 + 3*t + 4. Give n(4).
32
Let x(z) = 3*z**2 - 4*z - 99. Determine x(6).
-15
Let q(y) = -y**3 + 9*y**2 - 6*y - 11. Determine q(8).
5
Let p(h) = h**3 + 9*h**2 - 11*h + 17. Determine p(-9).
116
Let y(h) = 8*h**2 + 12*h + 3. Give y(-2).
11
Let g(y) = -y**3 + y**2 + 18. Determine g(0).
18
Let v(u) = -u**2 + 2*u + 8. Determine v(-3).
-7
Let m(g) = 3*g**2 - g - 16. Calculate m(0).
-16
Let k(c) = -c**3 + 8*c**2 - 8*c - 1. Determine k(7).
-8
Let f(n) = -n**2 - 19*n - 41. Determine f(-4).
19
Let z(n) = -n**2 - 5*n + 7. Give z(-10).
-43
Let d(x) = -x**3 - 10*x**2 - 26*x - 16. What is d(-4)?
-8
Let d(v) = 5*v**2 + v - 1. Determine d(-2).
17
Let l(t) = t**2 - 10*t + 5. What is l(5)?
-20
Let i(m) = -13*m**2 + 45*m - 7. What is i(3)?
11
Let z(h) = -5*h + 14. Determine z(4).
-6
Let d(h) = 16*h + 64. Give d(-12).
-128
Let u(n) = -n**3 + 4*n**2 + 14*n + 11. Give u(6).
23
Let a(i) = i**2 + 22*i + 85. Determine a(-18).
13
Let i(c) = -c**3 - c**2 + 51. Determine i(0).
51
Let l(m) = 19*m - 294. Calculate l(17).
29
Let b(j) = 9*j + 101. Give b(-10).
11
Let y(u) = 10*u - 6. Determine y(4).
34
Let s(o) = o**3 + 15*o**2 - o - 9. What is s(-15)?
6
Let x(h) = -h**2 - 11*h - 38. What is x(-5)?
-8
Let d(q) = q**3 - 12*q**2 - 16*q + 8. Calculate d(14).
176
Let a(u) = -3*u**2 + 10*u + 5. Give a(5).
-20
Let z(h) = h - 14. What is z(5)?
-9
Let i(r) = 13*r + 439. Determine i(-32).
23
Let p(i) = 5*i - 47. Calculate p(18).
43
Let u(c) = 199*c + 1395. What is u(-7)?
2
Let r(b) = -b**2 - 9*b - 21. Determine r(-3).
-3
Let z(y) = y**3 - 17*y**2 - 19. Give z(17).
-19
Let z(p) = 5*p - 2. What is z(-3)?
-17
Let m(w) = w**3 - w**2 - 5*w - 4. Give m(-2).
-6
Let h(i) = -8*i**3 + 2*i**2 + 2*i. Determine h(-1).
8
Let l(t) = -t**2 - 10*t - 6. Calculate l(-8).
10
Let t(u) = u**2 - 10*u + 14. What is t(2)?
-2
Let b(a) = a**2 + 43*a + 394. What is b(-14)?
-12
Let s(z) = z**3 - 7*z**2 - 8*z - 3. Determine s(8).
-3
Let n(j) = -j**3 - 7*j**2 - 5*j - 2. Determine n(-3).
-